git of 20220577?
0
What is the units digit of 1385957886?
6
What is the ten thousands digit of 260342028?
4
What is the ten thousands digit of 31090594?
9
What is the ten thousands digit of 6447391?
4
What is the units digit of 284748138?
8
What is the tens digit of 87594793?
9
What is the tens digit of 148485590?
9
What is the hundreds digit of 139180242?
2
What is the hundreds digit of 196946655?
6
What is the hundreds digit of 1722820646?
6
What is the ten millions digit of 113586218?
1
What is the thousands digit of 12525353?
5
What is the billions digit of 1841173152?
1
What is the units digit of 92185448?
8
What is the tens digit of 5813931305?
0
What is the millions digit of 99176491?
9
What is the tens digit of 32822439?
3
What is the hundreds digit of 359693995?
9
What is the millions digit of 18388419?
8
What is the hundreds digit of 44040522?
5
What is the ten thousands digit of 776030771?
3
What is the tens digit of 330500652?
5
What is the units digit of 7535851?
1
What is the thousands digit of 46208789?
8
What is the tens digit of 151434084?
8
What is the billions digit of 1300318337?
1
What is the hundreds digit of 1419430178?
1
What is the units digit of 139668619?
9
What is the thousands digit of 463380246?
0
What is the ten millions digit of 678106241?
7
What is the tens digit of 41116064?
6
What is the ten millions digit of 1387632111?
8
What is the hundreds digit of 66966815?
8
What is the millions digit of 200917548?
0
What is the millions digit of 2851114349?
1
What is the ten thousands digit of 6719963314?
6
What is the units digit of 363497564?
4
What is the hundreds digit of 3529948?
9
What is the ten thousands digit of 1566915072?
1
What is the hundred millions digit of 850097199?
8
What is the hundred millions digit of 105559034?
1
What is the thousands digit of 83900250?
0
What is the hundred thousands digit of 75083334?
0
What is the units digit of 181288880?
0
What is the millions digit of 4855638634?
5
What is the ten millions digit of 88266192?
8
What is the hundred thousands digit of 46258001?
2
What is the hundred thousands digit of 384105810?
1
What is the millions digit of 2362037?
2
What is the hundred thousands digit of 2371215290?
2
What is the ten thousands digit of 336386472?
8
What is the ten millions digit of 518572611?
1
What is the millions digit of 45813705?
5
What is the thousands digit of 161210348?
0
What is the units digit of 87329599?
9
What is the units digit of 358166627?
7
What is the ten thousands digit of 7884536522?
3
What is the units digit of 1207292242?
2
What is the ten thousands digit of 214350386?
5
What is the ten thousands digit of 145486102?
8
What is the hundred thousands digit of 242623568?
6
What is the ten thousands digit of 86597335?
9
What is the thousands digit of 2874157577?
7
What is the millions digit of 358117826?
8
What is the hundreds digit of 978816514?
5
What is the tens digit of 547541493?
9
What is the ten thousands digit of 9155897?
5
What is the thousands digit of 1762929329?
9
What is the units digit of 47863215?
5
What is the hundreds digit of 2345287294?
2
What is the tens digit of 2196387878?
7
What is the thousands digit of 229267948?
7
What is the units digit of 1606691164?
4
What is the tens digit of 1474185439?
3
What is the hundred millions digit of 1205036051?
2
What is the hundreds digit of 547559502?
5
What is the millions digit of 3713272463?
3
What is the ten millions digit of 47240169?
4
What is the ten thousands digit of 1065134477?
3
What is the millions digit of 90561118?
0
What is the ten thousands digit of 2737696?
3
What is the ten millions digit of 4295664225?
9
What is the tens digit of 292227679?
7
What is the ten thousands digit of 3780518?
8
What is the ten thousands digit of 2420393045?
9
What is the hundred thousands digit of 1723320114?
3
What is the hundreds digit of 71795112?
1
What is the thousands digit of 810698179?
8
What is the millions digit of 670301755?
0
What is the ten millions digit of 5937087052?
3
What is the hundred millions digit of 1975990019?
9
What is the ten millions digit of 93495415?
9
What is the ten thousands digit of 711903044?
0
What is the ten thousands digit of 19049213?
4
What is the thousands digit of 29988377?
8
What is the millions digit of 463827307?
3
What is the ten thousands digit of 76139524?
3
What is the ten millions digit of 92268305?
9
What is the tens digit of 16416700?
0
What is the tens digit of 1742398367?
6
What is the thousands digit of 42601012?
1
What is the hundred thousands digit of 406003640?
0
What is the ten millions digit of 181717424?
8
What is the ten millions digit of 175775751?
7
What is the tens digit of 4568452656?
5
What is the ten thousands digit of 32961530?
6
What is the hundreds digit of 207310102?
1
What is the units digit of 126927199?
9
What is the hundreds digit of 84014603?
6
What is the ten thousands digit of 1441017588?
1
What is the ten thousands digit of 579446491?
4
What is the ten millions digit of 343970545?
4
What is the hundred thousands digit of 61352907?
3
What is the millions digit of 23057155?
3
What is the ten thousands digit of 4035641?
3
What is the hundred thousands digit of 363683823?
6
What is the ten millions digit of 994442731?
9
What is the units digit of 48875702?
2
What is the ten thousands digit of 444931958?
3
What is the ten thousands digit of 202909229?
0
What is the millions digit of 123166138?
3
What is the units digit of 5529451375?
5
What is the ten millions digit of 295974367?
9
What is the hundreds digit of 772346755?
7
What is the thousands digit of 64589172?
9
What is the thousands digit of 1002888390?
8
What is the billions digit of 3625424708?
3
What is the millions digit of 131699897?
1
What is the tens digit of 11102579?
7
What is the hundred millions digit of 2115360035?
1
What is the thousands digit of 3239526?
9
What is the millions digit of 82258122?
2
What is the hundred millions digit of 268154976?
2
What is the units digit of 88848156?
6
What is the hundred thousands digit of 48212487?
2
What is the ten thousands digit of 84606694?
0
What is the ten thousands digit of 1428017688?
1
What is the ten thousands digit of 82505597?
0
What is the units digit of 759873324?
4
What is the hundreds digit of 39113910?
9
What is the ten thousands digit of 4936442777?
4
What is the millions digit of 36416032?
6
What is the units digit of 4228411582?
2
What is the hundred thousands digit of 598541394?
5
What is the units digit of 232433834?
4
What is the ten thousands digit of 143352765?
5
What is the hundred millions digit of 3284031675?
2
What is the hundreds digit of 7084671?
6
What is the tens digit of 687087621?
2
What is the ten thousands digit of 653945962?
4
What is the ten thousands digit of 3280633605?
3
What is the ten thousands digit of 3579274885?
7
What is the thousands digit of 29822208?
2
What is the hundred thousands digit of 21752209?
7
What is the ten millions digit of 163607941?
6
What is the hundred millions digit of 173514663?
1
What is the millions digit of 1327516210?
7
What is the ten thousands digit of 136435493?
3
What is the hundred thousands digit of 163388210?
3
What is the millions digit of 1018708497?
8
What is the millions digit of 296400387?
6
What is the hundred thousands digit of 20934175?
9
What is the hundreds digit of 8272267?
2
What is the millions digit of 1120794613?
0
What is the hundred thousands digit of 91305704?
3
What is the millions digit of 44818163?
4
What is the units digit of 63964723?
3
What is the hundreds digit of 62417379?
3
What is the tens digit of 1829643387?
8
What is the thousands digit of 451620692?
0
What is the ten millions digit of 111952094?
1
What is the hundreds digit of 295274932?
9
What is the hundred thousands digit of 1328390445?
3
What is the millions digit of 587173581?
7
What is the ten millions digit of 1386064174?
8
What is the units digit of 768412483?
3
What is the tens digit of 795500803?
0
What is the thousands digit of 423959520?
9
What is the hundred millions digit of 161178718?
1
What is the tens digit of 894067609?
0
What is the hundred millions digit of 369501388?
3
What is the hundreds digit of 275184290?
2
What is the hundreds digit of 